002 + 2002?
-114000
In base 14, what is 1 + -138698?
-138697
In base 3, what is -2 + -1211210021?
-1211210100
In base 2, what is -1100100 - -10100011100?
10010111000
In base 16, what is 3b779f - -2?
3b77a1
In base 8, what is 14021 - 7?
14012
In base 6, what is 53242 + 3?
53245
In base 3, what is 212212 + 20002?
1002221
In base 10, what is 3 + -15161?
-15158
In base 8, what is 5 + -31742?
-31735
In base 11, what is -5 - 56395?
-5639a
In base 16, what is 417ae + a?
417b8
In base 7, what is 0 + -462556?
-462556
In base 6, what is -4 - 41405?
-41413
In base 12, what is 34081 - 1?
34080
In base 15, what is -71cc - -4?
-71c8
In base 9, what is 20480 - -2?
20482
In base 14, what is 2055c - -1?
2055d
In base 10, what is 0 - 499668?
-499668
In base 10, what is 75 - 1278?
-1203
In base 5, what is 401 - -132203?
133104
In base 2, what is -101 - -11110100110110110101?
11110100110110110000
In base 3, what is -1220 + 12012221?
12011001
In base 8, what is -6 - 12444?
-12452
In base 3, what is 220 - 2211?
-1221
In base 9, what is 55 - -5884?
6050
In base 12, what is 3 + -2125b?
-21258
In base 11, what is -5 - -71100?
710a6
In base 12, what is 90318 + -1?
90317
In base 3, what is -12 - 201001100?
-201001112
In base 7, what is -3 + 33342?
33336
In base 15, what is -185659 + 3?
-185656
In base 15, what is -29a824 - -4?
-29a820
In base 3, what is 10011 + 11002201?
11012212
In base 3, what is 1020 - -110001?
111021
In base 7, what is -212 - 461?
-1003
In base 12, what is 4 - 583a9?
-583a5
In base 11, what is -25 - 5246?
-5270
In base 5, what is 141134 - -122?
141311
In base 11, what is -1521a2 - 2?
-1521a4
In base 10, what is 255 + 220?
475
In base 16, what is -19cf - b?
-19da
In base 12, what is 0 - -175424?
175424
In base 6, what is -1 - -15052?
15051
In base 11, what is -37 + -187?
-213
In base 6, what is 0 - -40130120?
40130120
In base 8, what is 26 + -11307?
-11261
In base 10, what is 33992 + -5?
33987
In base 15, what is -25c7 + d?
-25b9
In base 6, what is 140232 + 2?
140234
In base 5, what is -1011 + -11124?
-12140
In base 4, what is 20131 - 2133?
11332
In base 8, what is -5 - 201511?
-201516
In base 13, what is -61c283 - 2?
-61c285
In base 12, what is a903 + 4?
a907
In base 13, what is -299b - -3?
-2998
In base 10, what is 1234 + -837?
397
In base 3, what is 222110121 - 21?
222110100
In base 16, what is 1590 + -127?
1469
In base 8, what is -2400 - 0?
-2400
In base 3, what is 10121 - 10211021122?
-10211011001
In base 6, what is -22000 + -1321?
-23321
In base 16, what is 2 + 2edd?
2edf
In base 13, what is 0 + -4453?
-4453
In base 4, what is -3 + 20232010?
20232001
In base 15, what is -17c + -218?
-395
In base 3, what is 12 + 21112100?
21112112
In base 7, what is -15554 + 6?
-15545
In base 16, what is eed - 53?
e9a
In base 8, what is 14031 + 67?
14120
In base 2, what is -110101 + -1010011011101?
-1010100010010
In base 2, what is 111111001001 + -111110?
111110001011
In base 13, what is 14 + -6760?
-6749
In base 12, what is 5 + -7a04?
-79bb
In base 10, what is -165 + 546?
381
In base 16, what is -16b - -182e?
16c3
In base 7, what is -12000 - 402?
-12402
In base 10, what is -27299 - 5?
-27304
In base 4, what is 3 + 21101313?
21101322
In base 6, what is 433044012 + -3?
433044005
In base 12, what is 946130 + 5?
946135
In base 9, what is -5 - -2013662?
2013656
In base 7, what is -405 - 335?
-1043
In base 12, what is 622 - 32?
5b0
In base 5, what is 4 + -2120024?
-2120020
In base 4, what is 1322332 + 10?
1323002
In base 16, what is -8 + -fbf3?
-fbfb
In base 4, what is -1332 + 13?
-1313
In base 12, what is 770a6 + 9?
770b3
In base 10, what is -522 + 93?
-429
In base 14, what is -3244 + -2?
-3246
In base 2, what is 10011001110 - 100010000?
1110111110
In base 9, what is -8022 - -65?
-7846
In base 14, what is -158 + d03?
b89
In base 2, what is 1 + -11001010001001100?
-11001010001001011
In base 5, what is -13402 + 12222?
-1130
In base 6, what is -125203555 + -1?
-125204000
In base 15, what is -6eed + 11?
-6edc
In base 6, what is -3434 + -404?
-4242
In base 12, what is -9a + -359?
-437
In base 11, what is -4 + -46?
-4a
In base 12, what is -3 + -1461?
-1464
In base 13, what is -a213 - a?
-a220
In base 4, what is 220113 - -23?
220202
In base 13, what is 23 - -161?
184
In base 8, what is -5002 + 5?
-4775
In base 10, what is -1427889 - 4?
-1427893
In base 4, what is -2 + -1200320203?
-1200320211
In base 11, what is -58873 + -4?
-58877
In base 5, what is 2310 + 20322?
23132
In base 4, what is -11102012 + -3201?
-11111213
In base 5, what is 4 - 241344?
-241340
In base 2, what is -101011 - -1010111011100000?
1010111010110101
In base 8, what is 27 - -2102?
2131
In base 2, what is 1100 - -10100100010100111?
10100100010110011
In base 14, what is 1 + -328d0?
-328cd
In base 7, what is 1 + -454635?
-454634
In base 6, what is -43 - 104502?
-104545
In base 8, what is -564 + -20?
-604
In base 14, what is 5 + 71a0?
71a5
In base 12, what is -8 + -11a324?
-11a330
In base 4, what is -11 + 1211030?
1211013
In base 3, what is 200 - -1202200?
1210100
In base 4, what is -10203323 - 3?
-10203332
In base 10, what is -438453 + 1?
-438452
In base 3, what is -12 + -2121001021?
-2121001110
In base 6, what is 245015 - 3?
245012
In base 6, what is 124 + -2135?
-2011
In base 11, what is -429 + -218?
-646
In base 7, what is 452 + 30?
512
In base 9, what is 162 + 327?
500
In base 12, what is -b4004 + 4?
-b4000
In base 3, what is -20110200 - -10?
-20110120
In base 9, what is -156203 - -23?
-156170
In base 3, what is -111020021222 - 11?
-111020022010
In base 10, what is -11906 - 2?
-11908
In base 2, what is 110110111101110011100 + -11?
110110111101110011001
In base 13, what is 268 + -54?
214
In base 8, what is -113 - 161?
-274
In base 13, what is -92081 - -1?
-92080
In base 14, what is 112 + 21d?
331
In base 2, what is -1 - -11001110111101011?
11001110111101010
In base 12, what is -2 + -394117?
-394119
In base 11, what is 4289 + 37?
4315
In base 6, what is 1100202 + -10?
1100152
In base 9, what is -11 - -21370?
21358
In base 8, what is 603372 - 5?
603365
In base 3, what is 0 - -22210112?
22210112
In base 14, what is 1 - b8921?
-b8920
In base 12, what is -6 + 425541?
425537
In base 7, what is -1 - 112111?
-112112
In base 6, what is -1 - 2100?
-2101
In base 2, what is -10010100111 - 100?
-10010101011
In base 9, what is 123 - 21102?
-20868
In base 4, what is 1020300 + -1033?
1013201
In base 14, what is 5 - -22581?
22586
In base 9, what is 555 + 21?
576
In base 13, what is 166 - -17?
180
In base 10, what is 16187 + 6?
16193
In base 13, what is -102c7ba - -4?
-102c7b6
In base 7, what is -1 + -231001?
-231002
In base 7, what is 2 + -105066?
-105064
In base 3, what is 111222 - 21212211?
-21100212
In base 8, what is 5 + -22716?
-22711
In base 5, what is 1143204030 + 4?
1143204034
In base 3, what is -12120 + -21220?
-111110
In base 4, what is -13 + -1312320?
-1312333
In base 13, what is -4 + -2200c?
-22013
In base 7, what is 3333 - 10645?
-4312
In base 11, what is 7290 - -20?
7300
In base 5, what is 1 + -3342401?
-3342400
In base 6, what is 35 - -50?
125
In base 2, what is 1 - -1010101100101001?
1010101100101010
In base 3, what is 21102 - 110102?
-12000
In base 6, what is -5 + 33522441?
33522432
In base 9, what is -165 + -318?
-484
In base 8, what is 4176 - -155?
4353
In base 7, what is -1 - 3211515?
-3211516
In base 15, what is 774c + 0?
774c
In base 11, what is -3 + 724?
721
In base 6, what is -115013 - -55?
-114514
In base 11, what is 205735 + -3?
205732
In base 12, what is -2 - 37169?
-3716b
In base 6, what is 555352 + -4?
555344
In base 13, what is 5ab - -42?
620
In base 14, what is 7560 + -4?
755a
In base 7, what is 3 - 131143?
-131140
In base 9, what is -112735 + -5?
-112741
In base 11, what is -945 - 61?
-9a6
In base 10, what is 263 - 7?
256
In base 11, what is -3 + -121422?
-121425
In base 14, what is 4252 + 329?
457b
In base 6, what is 3 + -210115?
-210112
In base 14, what is -3 + 11aaa?
11aa7
In base 7, what is 2 + 300?
302
In base 3, what is -10 + -20020220?
-20021000
In base 9, what is 3 + 15857?
15861
In base 11, what is 1a9 + 2323?
2521
In base 16, what is -574 + 1b?
-559
In base 11, what is 1a - -4629?
4648
In base 14, what is 48 - -151a?
1564
In base 10, what is -51 - -369?
318
In base 5, what i